 by h(-6)?
7
Suppose 0 = t - 3 - 1. Suppose -4*p + s + 48 = -s, 0 = t*s - 16. Calculate the remainder when 41 is divided by p.
13
Let z = -1 + 1. Suppose c - 7*d = -3*d + 8, z = 3*c + 4*d - 40. Calculate the remainder when c is divided by 5.
2
Let g be 6/(-4)*(-50)/15. Suppose 9 = g*p - 26. What is the remainder when 20 is divided by p?
6
Suppose o + 15 = 3*m, 0*o - 4*o = 5*m - 8. Suppose -d + 32 = 3*t, -m*d = 5*t - 52 + 1. Calculate the remainder when 62/(-4)*(-3 + 1) is divided by t.
9
Suppose 0*d + 4*d = 44. What is the remainder when 258/(-4)*4/(-6) is divided by d?
10
What is the remainder when 4/(-16) - 393/(-4) is divided by (0 + -2)*(-25)/2?
23
Let j = 68 - 46. What is the remainder when j is divided by 8?
6
Let o = 23 + 6. What is the remainder when 113 is divided by o?
26
Let x = 0 - -2. Calculate the remainder when 6 is divided by x.
0
Let q = 12 + 18. What is the remainder when 117 is divided by q?
27
Let n = 45 + -23. What is the remainder when 86 is divided by n?
20
Suppose 36*g - 44*g + 24 = 0. Let q be (4*-3)/(0 + 1). Let k = -3 - q. Calculate the remainder when k is divided by g.
0
Let a(j) = -j + 3. Suppose 0 = n - 5*n - 8. What is the remainder when a(-6) is divided by 3 + n/3*-3?
4
Suppose 0 = -3*d + 38 - 11. Suppose 3*q - 6 = 0, 0 = -0*o - 5*o + 3*q + 159. What is the remainder when o is divided by d?
6
Let m = -4 - -8. Let c = m - -3. What is the remainder when c is divided by 4?
3
Let i = -12 - -20. Let z(b) be the third derivative of -5*b**4/24 + b**3/3 - b**2. What is the remainder when z(-4) is divided by i?
6
Let q = -7 + 10. Suppose 3*u + 0 = -4*x - 6, 3*x - q*u = 6. Suppose -4*n + 87 + 113 = x. What is the remainder when n is divided by 17?
16
Let i be 3*(2 - (-7)/(-3)). Let q = i + 6. Suppose 5*a = 4*p - 13, 0 = q*p + 4*a - 0*a - 6. Calculate the remainder when p is divided by 1.
0
Suppose p + 30 = -4*p. Let y be 186/18 + 2/p. Suppose -25 = -5*b - y. What is the remainder when 4 is divided by b?
1
Suppose -25 - 31 = -w - 5*u, w + 3*u = 60. What is the remainder when w is divided by 23?
20
Suppose 3*o = p + 4, 2*o + 5*p - 40 = -3*o. Calculate the remainder when (8 - 2)/2 + 38 is divided by (-44)/(-3) - 2/o.
13
Suppose -3*h + 5*g = -7*h + 23, 5*h - 30 = -5*g. Suppose h*z = 2*z + 220. What is the remainder when z is divided by 15?
14
Suppose -4*k + 25 = 5. Suppose 5 - 20 = k*b. Let p = 2 - b. Calculate the remainder when p is divided by 2.
1
Let y(g) = 23*g - 1. Let u = -8 + 9. Let o = u + 0. What is the remainder when 64 is divided by y(o)?
20
Let z be (-1*(-2 - -2))/(-2). Suppose z = -i + 10 + 2. What is the remainder when i is divided by 7?
5
Let o(n) = n**3 + 7*n**2 + 8*n + 7. Suppose 20 = -a - 3*a. Calculate the remainder when o(a) is divided by 51/6 + (-4)/(-8).
8
Suppose 9*u + 6 = 12*u. Suppose -2*d = 5*y - 73, 3*d + 41 = -u*y + 123. What is the remainder when 94 is divided by d?
22
Suppose 972 = 6*a + 216. Calculate the remainder when a is divided by 43.
40
Let u = 19 - 8. What is the remainder when 37 is divided by u?
4
Let u = 38 - 27. Let h = 8 + -4. What is the remainder when u is divided by h?
3
Let f = 70 - 45. Let z = f + -17. Suppose 3*i + 40 = z*i. Calculate the remainder when i is divided by 3.
2
Let y = -54 - -86. Suppose 2*w = 6*w - y. What is the remainder when 13 is divided by w?
5
Let y be 2/8 + (-14)/(-8). Suppose 16 - 104 = -y*g. What is the remainder when g is divided by 23?
21
Calculate the remainder when (-315)/(-18) - 1/2 is divided by 5.
2
Let v(x) = 4*x**3 + 2*x**2 - x. Let h be v(-2). Let g = 44 + h. Let d = g - 13. What is the remainder when d is divided by 6?
3
Suppose 0*f = -4*f - 3*h + 23, -2*f - h = -13. Suppose 7*m - 2*m = 5*g + 35, -m + 15 = -3*g. What is the remainder when f is divided by m?
2
Let g = -12 - -16. Let x(z) = 2*z + 8. Calculate the remainder when x(g) is divided by 6.
4
Calculate the remainder when (9/15 + 3)/(2/30) is divided by 11.
10
Let b = 17 - -28. Suppose 0*o - 3*o = -b. Suppose -v + 5*v - 16 = 0, -4*v = -3*r + 68. Calculate the remainder when r is divided by o.
13
Suppose -16 + 76 = 4*o. Let a = o - 6. Suppose -p - 5*y + 31 = 0, -p = 2*y - 6*y - 4. Calculate the remainder when p is divided by a.
7
Let t = -43 - -66. What is the remainder when 42 is divided by t?
19
Suppose 4*a - 3*a = 7. Suppose 2*q - 5*s + 24 = q, -3*q + 2*s - a = 0. What is the remainder when 1 is divided by q?
0
Let j = -1 + 18. Suppose 0 = -0*x - 4*x + 196. What is the remainder when x is divided by j?
15
Let d(j) = -4*j - 3 + 5*j**2 - 5*j + 1 + 3. Calculate the remainder when d(4) is divided by 12.
9
Suppose 2*s - 5*z = 37, -2*z = 3*z + 5. Calculate the remainder when 31 is divided by s.
15
Suppose -2*p + 1 = 4*w - 47, -2*p + 42 = -2*w. What is the remainder when 65 is divided by p?
21
Let m(t) = -t**3 - 21*t**2 + 19*t - 53. What is the remainder when 206 is divided by m(-22)?
11
Suppose -7 = -x + 5. Suppose 4*b = -12, 3*v + b + 11 = v. Let l = 18 - v. Calculate the remainder when l is divided by x.
10
Let k = 58 + -25. What is the remainder when k is divided by 12?
9
Suppose -14*k + 1382 = -1040. Calculate the remainder when k is divided by 11.
8
Let o be ((-90)/21)/(2/(-14)). Let m = 45 - o. What is the remainder when 43 is divided by m?
13
Let l(z) = z**2 + 4*z - 9. Let u = 18 - 12. Let y be l(u). Suppose 13 = -4*p - 2*h + y, -3*p + 3*h = -42. Calculate the remainder when p is divided by 4.
3
Let u = -3 + 0. Let c be (-8)/(-12) - (-32)/6. What is the remainder when 7 is divided by u*c/(-9) - -1?
1
Calculate the remainder when 71 is divided by 4*3/18 + (-212)/(-6).
35
Suppose 0 = -5*v + 5*o + 150, -3*v - 88 = -7*v - 4*o. Suppose v*w - 29*w = -123. Calculate the remainder when w is divided by 14.
13
Suppose -48 = p - 238. Let y = p + -118. What is the remainder when y is divided by 25?
22
Suppose -u - 16 = b, 4*u - u - 5*b + 48 = 0. Suppose 3*k - 14 = 5*j, 2*k + j - 6 = -1. What is the remainder when (3/6)/(-1)*u is divided by k?
2
Suppose -1 = -n + 10. Suppose 3*g = n + 19. Let j = 279 - 260. Calculate the remainder when j is divided by g.
9
Let q(n) = -n - 3. Let r be q(-6). Suppose -11 = -r*w - 4*j, -4*w - j + 3*j = 0. What is the remainder when 14 is divided by w*(0 - 1) - -9?
6
Let z = -19 + 20. Let r(g) be the third derivative of 19*g**6/120 - g**5/60 + g**4/24 - g**3/6 - g**2. Calculate the remainder when r(z) is divided by 10.
8
Let m be -2 - (-1 - (5 - 2)). Suppose -2*h = -4*i + 22, m*i + 2*i + 3*h - 17 = 0. Suppose 4*p + 26 = i*p. Calculate the remainder when p is divided by 14.
12
Let l(r) = -r**2 + r + 1. Let t(a) = -a - 1. Calculate the remainder when l(0) is divided by t(-2).
0
Let t be -1 + 3/(6/(-28)). Let p = 11 - t. What is the remainder when p is divided by 9?
8
Calculate the remainder when 4 + (-313 - 2)/(-5) is divided by 36.
31
Suppose -s = -124 - 35. Suppose 0 = -6*u + 3*u + s. Calculate the remainder when u is divided by 27.
26
Suppose 4*a - 88 = 3*t - t, -3*a = 3*t - 84. Suppose 5*q - 238 = 107. Calculate the remainder when q is divided by a.
21
Suppose -28 = -4*q - 4*f + f, 3*q = -4*f + 28. Suppose 104 = -0*l + q*l. What is the remainder when 50 is divided by l?
24
Let t be 56/(-6)*6/(-4). Let k = -7 + t. Calculate the remainder when 20 is divided by k.
6
Let n = 33 - 22. What is the remainder when 19 is divided by n?
8
Suppose 0 = 4*w - 127 + 3. Suppose 3*r - 60 = -3*q, 4*r = 6*r + q - 40. Let k = -9 + r. Calculate the remainder when w is divided by k.
9
Suppose -3*d - d + 3*g + 139 = 0, -5 = g. Let f(l) = l**3 + l**2 + 8. What is the remainder when d is divided by f(0)?
7
Suppose y = 5*j - 56, 0 = 4*j - 2*y - y - 36. Let k = 6 - -1. What is the remainder when j is divided by k?
5
Let y be 6/21 + (-76)/(-28). Suppose -4*l = 2*g - 50, y - 1 = l. Suppose 16 = 4*h, -98 = -2*b - 0*b - 4*h. What is the remainder when b is divided by g?
20
Let a(l) = 5*l + 1. Let f be a(1). Suppose -52 = -f*p + 4*p. Suppose 5*k = 10, -5*k + p = 3*o - 11. What is the remainder when 17 is divided by o?
8
Let w(c) = -5*c - 6. Let h(b) = -b**3 - 8*b**2 + 9*b - 4. Let j be h(-9). What is the remainder when 41 is divided by w(j)?
13
Suppose -4*v - 4*b = -11 - 25, -4*b + 25 = 3*v. Suppose -56 = -5*c - v. What is the remainder when c is divided by 5?
4
Suppose -2*u = 3*u - 40. Let i